 of a and 440?
40
Let c(x) = 3*x**2 + 12*x - 12. Let q(n) = -n**2 - 4*n + 4. Let g(p) = 6*c(p) + 17*q(p). Let s be g(-8). What is the greatest common factor of s and 42?
14
Let l be (-32)/(-6) + 7/(-21). Suppose -c - l*q = 3*c + 12, -5*c = 3*q + 28. Let y = c + 16. Calculate the greatest common divisor of 1 and y.
1
Let i be 2146/14 - (-6)/(-21). Calculate the highest common divisor of 17 and i.
17
Suppose 0 = -q - q + 6. Suppose 14 = -q*v - 7. Let d = v - -16. What is the greatest common factor of d and 72?
9
Let v be 7/((-14)/48)*-11. Calculate the greatest common factor of 24 and v.
24
Suppose 0*u + 2 = u. Suppose -140 = -2*t + 4*x, -u*t + 60 = x - 85. What is the highest common divisor of t and 8?
8
Let v = 54 - 33. Calculate the greatest common factor of 21 and v.
21
Suppose -3 = 4*c - 5*c. Suppose 0*p + 144 = c*p. Let x(j) = -5*j**3 + 2*j**2 - 1. Let n be x(-1). What is the greatest common divisor of p and n?
6
Let v = 0 - -1. Let j be 2 - (v - (0 - -79)). What is the greatest common divisor of j and 16?
16
Let f be 7 - (2 + 2 + -1). What is the highest common factor of f and 20?
4
Suppose -6*y + 3 = -3*y - 3*f, -2 = -2*y - 2*f. What is the highest common divisor of 9 and y?
1
Suppose -5*d + 3*d - 1 = -3*q, 5*d = 4*q + 1. Let g(u) = -4*u**2 + u - 1. Let h be g(q). Let c be 7/14 - 38/h. What is the highest common divisor of 80 and c?
10
Let d be (-464)/18 - 2/9. Let o be (d/(-6))/(1/3). Calculate the highest common divisor of o and 39.
13
Let r(y) = -9*y. Let a be r(-1). Calculate the greatest common divisor of a and 18.
9
Let x(a) = 182*a**3 - 2*a**2 + a - 1. Let c be x(1). What is the greatest common factor of 20 and c?
20
Suppose 6 + 4 = a. Let q(m) = m**3 + 5*m**2 + 2*m - 4. Let v be q(-4). Suppose v*y - 10 = a. Calculate the greatest common divisor of y and 5.
5
Let b(a) = 2*a. Let o be b(2). Let q = 7 - o. What is the greatest common factor of 33 and q?
3
Suppose 50 + 218 = 2*h + 4*l, 546 = 4*h - 2*l. Calculate the greatest common factor of 34 and h.
34
Suppose -1994 = -g - g + 2*s, -5*g = -4*s - 4987. Suppose 3*t + 6*p = 2*p + 596, 0 = -5*t - p + g. What is the highest common divisor of t and 25?
25
Let b be 2/24*3 + 892/16. What is the highest common divisor of b and 28?
28
Let i = 4 - -2. Let t = i - -4. What is the greatest common factor of 50 and t?
10
Let f be 0 + 112*6/4. Let i = f - 38. What is the highest common factor of i and 52?
26
Suppose 0 = 12*v - 479 - 457. What is the greatest common divisor of 117 and v?
39
Let u(l) = l + 24. Let f be u(0). Let a be (-2)/(-8) - (-75)/4. Let v = -7 + a. What is the highest common divisor of v and f?
12
Let c be (-4)/6*(-99)/6. Calculate the greatest common divisor of c and 88.
11
Let c(u) = -11*u**3 + 3*u**2 + 4*u + 1. Let m be c(-1). Suppose 2*n + n + 3*a - 180 = 0, -115 = -2*n - a. Calculate the highest common divisor of n and m.
11
Suppose y = -3*y + 60. Suppose 0*x = -x + 30. Calculate the highest common divisor of x and y.
15
Let u(i) be the first derivative of -i**4/4 + 8*i**3/3 - i**2 - 7*i + 1. Let q be u(7). Suppose 11 + 24 = 5*c. What is the greatest common factor of c and q?
7
Suppose 3*c - 3*n = -2*n + 94, -3*c + 92 = -2*n. Let j = c - 19. Calculate the greatest common divisor of j and 104.
13
Let c(y) = -4*y**2 - 2*y - 2. Let d be c(-2). Let h = -8 - d. What is the greatest common divisor of h and 12?
6
Let y = 11 + -5. Let c(g) = g. Let u be c(-7). Let x = y - u. What is the highest common factor of 143 and x?
13
Let q = 32 + -16. Let g(k) = -k + 3. Let j be g(5). Let n(r) = -2*r**3 - 3*r**2. Let x be n(j). Calculate the highest common divisor of x and q.
4
Let o = 34 - 28. Let u be (-2)/(-2) + -1 - -54. Calculate the highest common divisor of o and u.
6
Let j be ((-7)/((-7)/10))/(-1). Let u be (-120)/(-6)*(-32)/j. Suppose 8 = -5*t + 48. Calculate the greatest common divisor of u and t.
8
Let a(z) = -12*z. Let g be a(-3). Let c = 3 - -1. What is the greatest common factor of g and c?
4
Let r(w) = -w**2 + 4*w + 2. Let m be r(4). Suppose m*y + 3*y = 5. Calculate the highest common factor of 3 and y.
1
Let q be (-2 - (-52)/6)/((-4)/(-18)). Let j = -5 - -11. Let f = q - j. What is the greatest common factor of f and 60?
12
Let h(a) = a**2 + 4*a - 3. Let q be h(-4). Let w be ((-2)/q*-87)/(-2). Suppose w - 1 = 4*p. Calculate the highest common divisor of p and 63.
7
Suppose -3*m - m + 40 = 0. Calculate the highest common factor of m and 20.
10
Let b = -84 - -132. Calculate the greatest common divisor of 120 and b.
24
Let z(o) = 2*o**3 + 16*o**2 - 23*o + 6. Let u be z(-8). Calculate the greatest common factor of 10 and u.
10
Let v = 0 + -9. Let r = v - -3. Let m = r + 7. Calculate the highest common divisor of m and 3.
1
Suppose 0 = -b + 4, 0*o - 2*o = 4*b - 64. Let c = o + -3. What is the highest common factor of 231 and c?
21
Suppose -5*r + 8 = -4*r. What is the greatest common divisor of 56 and r?
8
Suppose 2*a + 26 = 4*a. Let n be (-6)/5*(-1040)/24. Calculate the highest common divisor of a and n.
13
Let n = 5 - -3. Let v = 53 + -51. What is the greatest common divisor of v and n?
2
Let p = -26 + 83. Let n = -28 + p. Suppose 3*s - n = 2*a + 110, 5*s - 4*a - 233 = 0. Calculate the greatest common factor of s and 30.
15
Suppose -3*w = -4*t - t - 250, 3*w = 0. Let m = 15 + -95. Let f = t - m. What is the greatest common factor of f and 6?
6
Let g(l) = -l + 2. Let h be g(-5). Suppose 0 = -3*q + d + 187, q + 3*q - 4*d = 244. What is the highest common factor of h and q?
7
Let x = 3 + -5. Let z be 68/8*(-16)/x. Suppose u = 5*k + 17, 0 = 4*u - 5*k - 27 - 41. What is the greatest common factor of z and u?
17
Let c = -20 - -38. Suppose -3*r + 2 = j, 5*j + 14 = -3*r - 0*r. Calculate the greatest common divisor of c and r.
2
Let i be (4/5)/((-2)/(-45)). Let k be (-8)/(-3)*i/8. What is the greatest common factor of k and 48?
6
Let i be 2*(346/4 + -4). Suppose 5*c = 15, 3*w - w - 2*c = 24. Calculate the greatest common divisor of w and i.
15
Let b be 24/(-6) + 30 + -2. Let d be (b/10)/((-15)/(-50)). What is the highest common factor of d and 64?
8
Let m(s) = 11*s**2 - 3*s + 2. Let t be m(-3). What is the greatest common factor of 10 and t?
10
Let w be ((22/7)/1)/((-11)/(-77)). Let n = -9 - -6. Let d be n*1*-4 + -1. What is the highest common divisor of w and d?
11
Let y = -105 - -106. Suppose -n = 3*n - 2*r - 40, 0 = n + 4*r - 19. Calculate the highest common divisor of y and n.
1
Suppose 12*h - 3*h = 891. Calculate the highest common divisor of 22 and h.
11
Let b(f) = 2*f**2 - 2*f - 1. Let d be b(-3). What is the highest common divisor of d and 184?
23
Let g(q) = -4*q - 1. Let n be g(-8). Calculate the greatest common factor of n and 93.
31
Suppose -a = -3*y - 13, 2*y = -6 - 0. Suppose -6*v - 17 = -65. Calculate the greatest common divisor of a and v.
4
Let v = 25 + -14. Suppose -f + 3 = -v. What is the greatest common divisor of f and 7?
7
Let u(n) = 5*n + 51. Let a be u(-9). Calculate the highest common factor of 6 and a.
6
Suppose 3*t - 4*a - 3 = -19, -5*t - a = 42. Let z be 30/t*160/(-30). Calculate the greatest common factor of z and 8.
4
Suppose 5*k + 65 = 2*s, 4*s = k - 6*k + 55. Calculate the highest common factor of s and 4.
4
Let c = 120 + -75. Suppose 0*s + 2*s = 26. Let w = s + -8. What is the greatest common factor of w and c?
5
Suppose -6*c + c - 5*t = -55, 0 = 5*c - 2*t - 27. Let l be (-18)/24 + (-510)/(-8). Calculate the highest common factor of l and c.
7
Let j(b) = b + 5. Let m be j(0). Suppose m*o + 18 = 43. Let p = -86 - -141. What is the highest common factor of p and o?
5
Let m(f) = 6*f**2 + 8*f + 0*f - 4*f**2 + 8. Let n be m(-6). What is the highest common divisor of 8 and n?
8
Suppose -3*r + 6*r = 312. Calculate the highest common divisor of r and 13.
13
Suppose -2*o + 4*o = 0. Suppose 4*m - 20 = -o*m. Suppose -3*w - 13 = 2, 0 = -m*y + 3*w + 135. Calculate the highest common factor of y and 8.
8
Let w = -7 + 12. Suppose 4*l - 204 = 3*v, 4*v + 171 = 5*l - 83. Let p = 109 - l. Calculate the greatest common divisor of p and w.
5
Let k = 76 + -11. Suppose 4*i + 3 = -k. Let v = i - -25. What is the greatest common divisor of 8 and v?
8
Suppose -3*t = -4*j - 91 - 49, -4*t = 3*j - 145. Calculate the greatest common factor of 16 and t.
8
Let c = 284 - 185. Let g 